 + 57. What is u(k)?
20
Let l(t) = 7*t**2 + t. Let b be (32/(-48))/(2/15). Let w(c) = -c**3 - 6*c**2 + 23. Let f be w(b). Give l(f).
26
Let p(h) = 11 - 3 + 6*h - 6 - 10*h + 5*h. Determine p(3).
5
Let p(l) be the first derivative of -l**4/4 - 5*l**3 - 23*l**2 - 25*l + 1573. What is p(-11)?
-3
Suppose 4 = -7*c + 6*c + 7*d, -3*d - 4 = c. Let l(u) = u**2 - 7*u - 45. What is l(c)?
-1
Let r = 1802 + -1805. Let b(v) = 5*v + 10. Give b(r).
-5
Let k(v) = 8 - 37*v**2 - v**3 + 9 + 30*v**2 - 4*v. Let q be k(-7). Let h(l) = 3*l - q + 46 - 2*l. Determine h(-3).
-2
Let r(f) = f**3 + 3*f**2 + 6*f + 10. Let x = -6644 + 6641. What is r(x)?
-8
Suppose -n + 18 = 24. Let r(q) be the second derivative of -q**4/12 - 2*q**3/3 - 5*q**2/2 - 11*q + 1. What is r(n)?
-17
Let d(q) be the second derivative of 3*q**5/5 + q**3 + 3*q**2 + 11*q + 20. Give d(-1).
-12
Let t(i) be the first derivative of -1/2*i**2 + 14*i + 38. What is t(7)?
7
Let i(l) = 1702474*l**2 + 2*l - 7 + 3*l**3 + 16 + 5*l**3 - 1702426*l**2. Determine i(-6).
-3
Let o(h) be the first derivative of -h**2/2 + h + 44. Let b(y) = -12*y + 10. Let u(l) = b(l) - 6*o(l). Give u(4).
-20
Let c(x) = x + 1. Let a(m) = -m**3 + 14*m**2 - 5*m - 2. Let s(u) = a(u) + 5*c(u). What is s(14)?
3
Let h(s) = 8*s + 20 - 9*s - 6. Let v be h(8). Let c(o) = 3*o + o**3 + 5*o**2 - 2*o**3 - 4*o + 9*o. Calculate c(v).
12
Let c(g) = 2924*g**2 - 6 - 6 - 2923*g**2 - 5*g. Give c(7).
2
Let m(o) = 58*o**2 + 3*o + 2. Let l(b) = 30*b**2 + 2*b + 1. Let t(k) = -5*l(k) + 3*m(k). Calculate t(1).
24
Let k = -2744 + 2737. Let f(l) = l**3 + 8*l**2 + 7*l + 1. What is f(k)?
1
Let o(h) be the third derivative of h**6/120 + h**5/10 + h**4/24 - 17*h**3/6 + 465*h**2 - 1. Give o(-5).
3
Let l(g) = 6*g - 5. Let b(i) = 62 - 18*i + 10*i - 56. Let n(w) = 2*b(w) + 3*l(w). Calculate n(-8).
-19
Let x(i) = -3*i + 18. Let b(c) = -c - 1. Let p(a) = 14*a - 72. Let t(g) = -b(g) - p(g). Let q(k) = -2*t(k) + 9*x(k). Determine q(7).
9
Let x(k) = -70*k + 21 + 68*k - 23. Let c(g) = -g**2 - g + 3*g - 2 - g + 5*g. Let y be c(6). Give x(y).
2
Suppose 40 = 25*f - 21*f - 2*d, 0 = -4*d - 32. Let q(c) = 2*c**3 - 12*c**2 + c. Calculate q(f).
6
Let y(j) = 7 - 105349*j + 105310*j + 1 - 3. Give y(0).
5
Let q(u) = 10*u**3 - u**2 - 2*u - 2. Let s(p) = -9*p**3 + p**2 - 1. Let l(f) = -q(f) - s(f). Give l(3).
-18
Let u = -140 + 151. Suppose u*d = -1 - 54. Let s(a) = 4*a**3 + 6*a**2 + 5*a - 1. Let v(w) = -w**3 - w - 1. Let l(t) = -s(t) - 3*v(t). What is l(d)?
-11
Let g(y) = y**3 - 2*y**2 - 4*y + 2. Let x(b) = -208*b - 1668. Let m be x(-8). Determine g(m).
-78
Suppose 3 + 20 = x - 4*a, -2*x + 26 = -4*a. Let z(b) = x*b + 5*b - 3*b - 3 - 2*b. What is z(3)?
6
Let u(v) be the second derivative of v**3 + 10*v**2 + 274*v + 6. Determine u(10).
80
Suppose 136*m + 584*m = 1440. Let h(i) be the first derivative of 18 - 1/3*i**3 + i - 3/2*i**m. What is h(3)?
-17
Let x(q) be the first derivative of -1/2*q**2 + 45 + 0*q + 13/3*q**3. Give x(1).
12
Let q(d) = -d**2 + 10*d - 11. Let h = 113 - 77. Let v = h + -28. Let u be q(v). Let j(k) = k**2 - 2*k - 6. Calculate j(u).
9
Suppose s = -4*s + 4*z + 18, 3*z - 4 = -5*s. Let j(k) = -2*k**2 + 3131 - 3130 + k**s - 10*k. Determine j(-10).
1
Let g(b) = b**3 + b + 5. Let r(q) = 14*q**2 + 4*q - 21. Let c be r(4). Let v = 219 - c. Give g(v).
5
Let v(y) = -18*y + 5. Let q be v(0). Suppose -5*l - q*w = -l + 6, -2*w = -3*l - 16. Let b(k) = 4*k + 5. Let f(a) = -1. Let m(z) = b(z) + 6*f(z). Determine m(l).
-17
Let c(k) = -3*k + 6. Suppose -73 = 28*s + 39. Let p be ((-28)/s)/(9 + -10). Determine c(p).
27
Let v = -2 + 1. Let p(u) = -3*u - 31. Let r be p(-26). Let s(k) = -103 + 55 + 7*k + r. What is s(v)?
-8
Suppose 3*o - 67 + 79 = d, 0 = 2*d + o + 4. Let l(x) = 3*x - 4*x - x**3 - 6 + 2*x + x**2. Determine l(d).
-6
Let y(t) = 223*t**3 + 49*t**2 + 2*t - 110. Let k(c) = 47*c**3 + 10*c**2 - 23. Let m(o) = -19*k(o) + 4*y(o). Let z be -3*1*(-21)/9. What is m(z)?
4
Let r(i) = -i**3 + i**2 - 2*i + 1. Let p(c) = -39*c - 176. Let n(h) = 13*h + 58. Let b(z) = 8*n(z) + 3*p(z). Let m be b(-5). Calculate r(m).
-1
Let f(y) = -229*y + 142. Let l(m) = 102*m - 71. Let u(v) = 4*f(v) + 9*l(v). Calculate u(36).
1
Suppose -12*j + 112*j - 3894 = 406. Let d(g) be the third derivative of -j*g**2 + 0 + 0*g - 5/24*g**4 + g**3. Calculate d(4).
-14
Let w = 7 + -7. Suppose w = i - 0 - 1. Let s(o) = 0*o - 10*o + 5*o + 4 + 0*o - 5. Determine s(i).
-6
Let c = 332 + -205. Suppose -2*u - 137 = -c. Let d(v) = -v - 4. Calculate d(u).
1
Let i(r) = -r**3 - 6*r**2 + 7*r - 5. Let w = 24 + -6. Let g(t) = -11*t + 147. Let h be g(13). Suppose -2*l - w = -h. Give i(l).
-5
Let c(l) = -l**3 - 10*l**2 - 7*l + 1. Suppose -8*b - 4 = -12*b. Let w(f) = -14*f**2 + 3*f + 2. Let g be w(b). Calculate c(g).
-17
Let p(o) = 4*o**2 - 12*o - 44. Let t(y) = -y**2 + 4*y + 14. Let b(f) = 2*p(f) + 7*t(f). Determine b(-3).
7
Let l = 328 + -332. Let x(d) = -5*d**2 - 6*d - 8. Let z(o) = 6*o**2 + 6*o + 8. Let c(r) = l*z(r) - 5*x(r). Give c(-4).
0
Let o(h) = -h**2 + 5*h - 3. Let g = -13052 - -13057. Give o(g).
-3
Let t(u) = -31 - u + 13 + 10. Let d be t(-18). Suppose 18 = -2*a + d. Let v(o) = -4*o - 5. What is v(a)?
11
Let n(v) = 1910*v**2 + 1906*v**2 + 8*v - 16 - 3813*v**2. What is n(-4)?
0
Let m(i) = 26*i - 146. Let l(d) = 5*d**2 + 10*d + 6. Let n be l(-2). Let x be m(n). Let k(b) = -2*b + 14. Calculate k(x).
-6
Let v(a) = 1225*a - 11. Let i(j) = 409*j. Let n(u) = -3*i(u) + v(u). Let p be (22/(-8))/(2/8). Give n(p).
11
Let z(a) = -2*a**2 - 13*a + 2. Suppose -4*i = -4*k + 12, -2 = -2*k + 4*i - 6. Suppose -13 = b + 2*s, 4*b - 16 = k*b - 4*s. Give z(b).
-5
Let w(x) = x**3 + 23*x**2 - 27*x - 48. Suppose 0 = -145*t + 220*t + 1800. Determine w(t).
24
Let m(k) = k + 1. Suppose -72 = -2*a - 3*w - w, 3*a + w - 103 = 0. Suppose -3*g - 26 - a = 0. Let n = 17 + g. What is m(n)?
-2
Let j(x) = x**3 + 12*x**2 + 10*x - 9. Suppose 580 - 2 = -92*z - 434. Determine j(z).
2
Let p = 171 + -177. Let w(r) be the second derivative of -r**5/20 - 7*r**4/12 - r**3/3 + 2*r**2 - 47*r. Calculate w(p).
-20
Let y(z) = 8*z - 3 + z**2 - 2*z**2 + 2. Suppose 125 = 21*f - 316. Suppose -f*w + 198 = 12*w. Determine y(w).
11
Let z = -851 + 869. Suppose -z*a + 24 = -6*a. Let i(r) = 3*r**2 - 3*r + r + 0*r**2 - 2. Give i(a).
6
Suppose 94*s = 315 + 343. Let r(l) = 6*l - 26. Give r(s).
16
Let r(g) = -g**2 - 3*g + 6. Let t(v) = 2*v**3 + 17*v**2 + 26*v + 8. Let b be t(-6). Suppose -z + 4*o + 8 = z, 4*o + b = -2*z. What is r(z)?
-12
Let c(l) be the second derivative of l**7/840 - l**6/360 + l**5/120 + l**3/3 - 35*l**2/2 + 5*l + 5. Let m(b) be the second derivative of c(b). Calculate m(2).
6
Let p be (-9)/((-126)/4) + (-122)/(-14). Suppose -p*l - 14 = -3*v - 4*l, 3 = -3*l. Let u(r) = -r + v + 1 - 9. Give u(0).
-5
Let a = 104 - 96. Suppose 0 = -0*z - a*z + 24. Let b(s) = 3 - s + z - 2. Calculate b(8).
-4
Let v(k) = k**2 + 91*k + 1742. Let y be v(-63). Let o(b) = b + 43. Calculate o(y).
21
Let j(s) = s. Let k be (4/6)/((-28)/336) + 9. Give j(k).
1
Suppose 5*w - 7*w + 10 = 0. Let i = w + 18. Let s = i - 25. Let m(t) = t**3 + 2*t**2 - t - 2. Give m(s).
0
Let i(g) = g**3 - 13*g + 32. Let b be i(0). Suppose -4*z = 4*n - b, 16*n - z = 14*n + 16. Let o(w) = -w + 8. Calculate o(n).
0
Let x(o) = o**2 - 5*o + 4. Suppose g = -t + 30, 5*g + 3*t - 7*t = 150. Suppose -4*u = -5*v - g, 14*v = -5*u + 10*v + 17. Calculate x(u).
4
Let u(a) = -27*a**2 + 37*a - 95. Let i(c) = 5*c**2 + 27. Let g(w) = -2*w - 2. Let m(z) = 4*g(z) + i(z). Let f(n) = 11*m(n) + 2*u(n). What is f(13)?
6
Suppose 4*d + 4*a + 6 = 10, 2*d - 1 = -a. Suppose 0 = 5*b - 2*i - 46, -6*b + 30 = -2*b - 5*i. Let f be (b - d)/((-4 - -1)/3). Let t(x) = -x - 9. Calculate t(f).
1
Let j(c) = 7*c + 7. Let r be 36/(-27)*(-162)/12. Suppose -6*l = r + 12. Give j(l).
-28
Suppose -4*a - a = 35. Let w(s) = -11*s**3 + 47*s**2 + 50*s + 36. Let z(j) = 3*j**3 - 12*j**2 - 13*j - 10. Let p(c) = -4*w(c) - 15*z(c). Determine p(a).
-8
Let m(b) be the second derivative of 5*b**4/24 + b**3/6 + 17*b**2 + 61*b. Let p(w) be the first derivative of m(w). Give p(-5).
-24
Let h(n) = -n**3 - n**2 + 3*n + 7. Let q(y) = 109*y - 220. Let o be q(2). Determine h(o).
5
Suppose -2*m = -b - 0 - 3, 0 = -2*m + 6. Let w(k) = -k**2 + 3*k**2 - 3*k**2 + 4 + 6*k**2 - k**3 - 2*k. Give w(b).
16